{"id":2,"date":"2025-06-22T10:38:50","date_gmt":"2025-06-22T08:38:50","guid":{"rendered":"http:\/\/espacemaths-ain.fr\/?page_id=2"},"modified":"2025-07-07T15:23:57","modified_gmt":"2025-07-07T13:23:57","slug":"page-d-exemple","status":"publish","type":"page","link":"https:\/\/espacemaths-ain.fr\/","title":{"rendered":"Espace Maths"},"content":{"rendered":"<style>.kb-row-layout-id2_52c66f-c2 > .kt-row-column-wrap{align-content:start;}:where(.kb-row-layout-id2_52c66f-c2 > .kt-row-column-wrap) > .wp-block-kadence-column{justify-content:start;}.kb-row-layout-id2_52c66f-c2 > .kt-row-column-wrap{column-gap:var(--global-kb-gap-md, 2rem);row-gap:var(--global-kb-gap-md, 2rem);padding-top:var(--global-kb-spacing-5xl, 10rem);padding-bottom:var(--global-kb-spacing-5xl, 10rem);grid-template-columns:minmax(0, 1fr);}.kb-row-layout-id2_52c66f-c2{background-image:url('http:\/\/espacemaths-ain.fr\/wp-content\/uploads\/2025\/07\/PXL_20250706_0803217844-scaled.jpg');background-size:cover;background-position:center center;background-attachment:fixed;background-repeat:no-repeat;}.kb-row-layout-id2_52c66f-c2 > .kt-row-layout-overlay{opacity:0.30;}@media all and (max-width: 1024px), only screen and (min-device-width: 1024px) and (max-device-width: 1366px) and (-webkit-min-device-pixel-ratio: 2) and (hover: none){.kb-row-layout-id2_52c66f-c2{background-attachment:scroll;}}@media all and (max-width: 1024px){.kb-row-layout-id2_52c66f-c2 > .kt-row-column-wrap{grid-template-columns:minmax(0, 1fr);}}@media all and (max-width: 767px){.kb-row-layout-id2_52c66f-c2 > .kt-row-column-wrap{grid-template-columns:minmax(0, 1fr);}}<\/style><div class=\"kb-row-layout-wrap kb-row-layout-id2_52c66f-c2 alignfull kt-row-has-bg kt-jarallax wp-block-kadence-rowlayout\" data-img-position=\"center center\" data-img-size=\"cover\"><div class=\"kt-row-column-wrap kt-has-1-columns kt-row-layout-equal kt-tab-layout-inherit kt-mobile-layout-row kt-row-valign-top\">\n<style>.kadence-column2_1ca474-5c > .kt-inside-inner-col,.kadence-column2_1ca474-5c > .kt-inside-inner-col:before{border-top-left-radius:0px;border-top-right-radius:0px;border-bottom-right-radius:0px;border-bottom-left-radius:0px;}.kadence-column2_1ca474-5c > .kt-inside-inner-col{column-gap:var(--global-kb-gap-sm, 1rem);}.kadence-column2_1ca474-5c > .kt-inside-inner-col{flex-direction:column;}.kadence-column2_1ca474-5c > .kt-inside-inner-col > .aligncenter{width:100%;}.kadence-column2_1ca474-5c > .kt-inside-inner-col:before{opacity:0.3;}.kadence-column2_1ca474-5c{position:relative;}@media all and (max-width: 1024px){.kadence-column2_1ca474-5c > .kt-inside-inner-col{flex-direction:column;justify-content:center;}}@media all and (max-width: 767px){.kadence-column2_1ca474-5c > .kt-inside-inner-col{flex-direction:column;justify-content:center;}}<\/style>\n<div class=\"wp-block-kadence-column kadence-column2_1ca474-5c\"><div class=\"kt-inside-inner-col\">\n<h1 class=\"wp-block-heading has-text-align-center has-text-color has-link-color wp-elements-3b390abc2d1d60caf9729a2a64674b2a\" style=\"color:#ffffff\">Espace Maths<br>Stages de Math\u00e9matiques<\/h1>\n<\/div><\/div>\n\n<\/div><\/div>\n\n\n<p><\/p>\n\n\n\n<h3 class=\"wp-block-heading\">Des stages de math\u00e9matiques pour les \u00e9l\u00e8ves de la 4e \u00e0 la 2de<\/h3>\n\n\n\n<p><strong>Espace Maths<\/strong> propose des stages pendant les vacances scolaires, sp\u00e9cialement con\u00e7us pour les \u00e9l\u00e8ves de <strong>4e<\/strong> et <strong>3e<\/strong> et pour les \u00e9l\u00e8ves de <strong>2de <\/strong>qui ont besoin de combler leurs lacunes. L\u2019objectif : progresser efficacement dans un cadre \u00e0 la fois stimulant et rassurant.<\/p>\n\n\n\n<h3 class=\"wp-block-heading\">Pourquoi choisir un stage ?<\/h3>\n\n\n\n<p>Travailler en petit groupe permet une <strong>\u00e9mulation positive<\/strong> : les \u00e9l\u00e8ves s\u2019encouragent mutuellement, \u00e9changent, s\u2019impliquent davantage. \u00c0 l\u2019inverse, les classes surcharg\u00e9es freinent souvent cette dynamique.<\/p>\n\n\n\n<p>Nos stages accueillent <strong>au maximum 6 \u00e9l\u00e8ves<\/strong>, pour allier la richesse du collectif \u00e0 un <strong>suivi personnalis\u00e9<\/strong> afin de r\u00e9pondre au besoin de chaque stagiaire : renforcement, s&#8217;exercer aux nouvelles m\u00e9thodes ou perfectionnement.<\/p>\n\n\n\n<p>Ils se d\u00e9roulent sur <strong>5 jours pendant les vacances scolaires<\/strong>, 3 heures par jour soit 20 heures \u00e0 chaque session.<\/p>\n\n\n<style>.kb-row-layout-id2_967700-93 > .kt-row-column-wrap{align-content:start;}:where(.kb-row-layout-id2_967700-93 > .kt-row-column-wrap) > .wp-block-kadence-column{justify-content:start;}.kb-row-layout-id2_967700-93 > .kt-row-column-wrap{column-gap:var(--global-kb-gap-md, 2rem);row-gap:var(--global-kb-gap-md, 2rem);padding-top:var(--global-kb-spacing-5xl, 10rem);padding-bottom:var(--global-kb-spacing-5xl, 10rem);grid-template-columns:minmax(0, 1fr);}.kb-row-layout-id2_967700-93 > .kt-row-layout-overlay{opacity:1;background-image:url('http:\/\/espacemaths-ain.fr\/wp-content\/uploads\/2025\/07\/PXL_20250706_0802400322-scaled.jpg');background-size:cover;background-position:51% 48%;background-attachment:fixed;background-repeat:no-repeat;}@media all and (max-width: 1024px), only screen and (min-device-width: 1024px) and (max-device-width: 1366px) and (-webkit-min-device-pixel-ratio: 2) and (hover: none){.kb-row-layout-id2_967700-93 > .kt-row-layout-overlay{background-attachment:scroll;}}@media all and (max-width: 1024px){.kb-row-layout-id2_967700-93 > .kt-row-column-wrap{grid-template-columns:minmax(0, 1fr);}}@media all and (max-width: 767px){.kb-row-layout-id2_967700-93 > .kt-row-column-wrap{grid-template-columns:minmax(0, 1fr);}}<\/style><div class=\"kb-row-layout-wrap kb-row-layout-id2_967700-93 alignfull kt-row-has-bg wp-block-kadence-rowlayout\"><div class=\"kt-row-layout-overlay kt-row-overlay-normal kt-jarallax\"><\/div><div class=\"kt-row-column-wrap kt-has-1-columns kt-row-layout-equal kt-tab-layout-inherit kt-mobile-layout-row kt-row-valign-top\">\n<style>.kadence-column2_77d10c-9a > .kt-inside-inner-col,.kadence-column2_77d10c-9a > .kt-inside-inner-col:before{border-top-left-radius:0px;border-top-right-radius:0px;border-bottom-right-radius:0px;border-bottom-left-radius:0px;}.kadence-column2_77d10c-9a > .kt-inside-inner-col{column-gap:var(--global-kb-gap-sm, 1rem);}.kadence-column2_77d10c-9a > .kt-inside-inner-col{flex-direction:column;}.kadence-column2_77d10c-9a > .kt-inside-inner-col > .aligncenter{width:100%;}.kadence-column2_77d10c-9a > .kt-inside-inner-col:before{opacity:0.3;}.kadence-column2_77d10c-9a{position:relative;}@media all and (max-width: 1024px){.kadence-column2_77d10c-9a > .kt-inside-inner-col{flex-direction:column;justify-content:center;}}@media all and (max-width: 767px){.kadence-column2_77d10c-9a > .kt-inside-inner-col{flex-direction:column;justify-content:center;}}<\/style>\n<div class=\"wp-block-kadence-column kadence-column2_77d10c-9a\"><div class=\"kt-inside-inner-col\">\n<blockquote class=\"wp-block-quote has-text-align-center is-layout-flow wp-block-quote-is-layout-flow\">\n<p class=\"has-text-color has-link-color has-larger-font-size wp-elements-356b49c8855050f867450b3c196d6cfd\" style=\"color:#ffffff\"><strong><em>Travailler en petit groupe permet une \u00e9mulation positive<\/em><\/strong><\/p>\n<\/blockquote>\n<\/div><\/div>\n\n<\/div><\/div>\n\n\n<p><\/p>\n\n\n\n<h3 class=\"wp-block-heading\">\u00ab Je suis nul(le) en maths \u00bb : une id\u00e9e re\u00e7ue<\/h3>\n\n\n\n<p>Vous avez sans doute d\u00e9j\u00e0 entendu votre enfant dire : <em>\u00ab Je suis nul(le) en maths, je n&#8217;y comprends rien&#8230; \u00bb<\/em>. C\u2019est faux.<\/p>\n\n\n\n<p>Cette mati\u00e8re souffre d\u2019un <strong>mythe de la fatalit\u00e9<\/strong> : on pense qu\u2019on est naturellement bon\u2026 ou pas. Or, les progr\u00e8s viennent <strong>avec les bonnes m\u00e9thodes et la r\u00e9gularit\u00e9<\/strong>.<\/p>\n\n\n\n<p>Nos stages visent justement \u00e0 <strong>rompre avec cette id\u00e9e<\/strong>, en installant un cercle vertueux :<\/p>\n\n\n\n<blockquote class=\"wp-block-quote is-layout-flow wp-block-quote-is-layout-flow\">\n<p><em>Je progresse \u2192 je prends confiance \u2192 je travaille plus efficacement \u2192 je progresse encore.<\/em><\/p>\n<\/blockquote>\n","protected":false},"excerpt":{"rendered":"<p>Espace MathsStages de Math\u00e9matiques Des stages de math\u00e9matiques pour les \u00e9l\u00e8ves de la 4e \u00e0 la 2de Espace Maths propose des stages pendant les vacances scolaires, sp\u00e9cialement con\u00e7us pour les \u00e9l\u00e8ves de 4e et 3e et pour les \u00e9l\u00e8ves de 2de qui ont besoin de combler leurs lacunes. L\u2019objectif : progresser efficacement dans un cadre [&hellip;]<\/p>\n","protected":false},"author":1,"featured_media":0,"parent":0,"menu_order":0,"comment_status":"closed","ping_status":"open","template":"","meta":{"footnotes":""},"class_list":["post-2","page","type-page","status-publish","hentry"],"_links":{"self":[{"href":"https:\/\/espacemaths-ain.fr\/index.php\/wp-json\/wp\/v2\/pages\/2","targetHints":{"allow":["GET"]}}],"collection":[{"href":"https:\/\/espacemaths-ain.fr\/index.php\/wp-json\/wp\/v2\/pages"}],"about":[{"href":"https:\/\/espacemaths-ain.fr\/index.php\/wp-json\/wp\/v2\/types\/page"}],"author":[{"embeddable":true,"href":"https:\/\/espacemaths-ain.fr\/index.php\/wp-json\/wp\/v2\/users\/1"}],"replies":[{"embeddable":true,"href":"https:\/\/espacemaths-ain.fr\/index.php\/wp-json\/wp\/v2\/comments?post=2"}],"version-history":[{"count":30,"href":"https:\/\/espacemaths-ain.fr\/index.php\/wp-json\/wp\/v2\/pages\/2\/revisions"}],"predecessor-version":[{"id":185,"href":"https:\/\/espacemaths-ain.fr\/index.php\/wp-json\/wp\/v2\/pages\/2\/revisions\/185"}],"wp:attachment":[{"href":"https:\/\/espacemaths-ain.fr\/index.php\/wp-json\/wp\/v2\/media?parent=2"}],"curies":[{"name":"wp","href":"https:\/\/api.w.org\/{rel}","templated":true}]}}